 + 3
3
Evaluate -10 + 10 - (3 - 2 - 1).
0
What is the value of 8 - (5 - 11 - (-2 + -6))?
6
Calculate 3 + (2 - 2) + 2.
5
Evaluate 8 + (5 - (5 + 5 - 0)).
3
(6 - 1) + (-60 - -59) - -3
7
Calculate -28 + 12 + (-2 - -2) + 5.
-11
(5 - (-1 - -9 - 6)) + 1
4
18 + -5 + -8 - (15 - -1)
-11
What is the value of (-1 - 0) + 0 + 3 + 2?
4
What is (-3 - -8) + 2 + -14?
-7
Evaluate (5 - 4) + -10 + 4.
-5
What is 1 + -1 + -6 - (0 - 2)?
-4
Calculate -25 + 23 + (0 - -1) + 5.
4
Evaluate 3 + -15 + 5 + 4.
-3
What is 0 + (-3 - ((-4 - -2) + -6))?
5
What is 0 + 5 - (-4 - -16 - 11)?
4
What is -7 - -22 - (9 - -1)?
5
What is 6 + -4 + 0 + -6?
-4
What is the value of -1 + 6 + (-44 - -41)?
2
What is -2 - 0 - (20 + -25)?
3
What is the value of (-11 - -9) + (4 - 0)?
2
Calculate -7 + 11 + 6 + -12.
-2
What is (6 - (2 + 4 + -5)) + -7?
-2
(-1 - 3) + (14 - -9) + -18
1
What is -3 - (-4 - -3 - -1)?
-3
(-3 - 0 - -5) + 2 - 2
2
Calculate 4 - (6 - ((2 - 4) + 4)).
0
Calculate (-4 - 2 - -2) + 1 + -1.
-4
What is 0 + -1 - (0 + -4 + 1)?
2
Calculate 12 + (-15 - -1) - (1 - 10).
7
What is -5 - (4 - (-6 - -19))?
4
What is the value of (1 + -3 - (13 + -17)) + -8?
-6
Evaluate 4 + -1 - 3 - 1.
-1
-3 + -8 + 3 + 3
-5
Evaluate 5 + -12 + (5 + 1 - 8).
-9
(9 + 2 + -7 - -3) + -3
4
Calculate -11 - (5 + -2 + -7).
-7
Calculate -2 + (-10 - -3 - -9).
0
What is -1 + 1 - (12 - 12)?
0
What is (0 - (3 - (6 - -3))) + -3?
3
What is the value of -1 + -1 + 7 + -6?
-1
What is (-3 - 3 - (-10 + 2)) + -11?
-9
Evaluate -7 - (0 + (-4 - 4)).
1
What is 2 + -11 + (14 - (-5 - -16))?
-6
Calculate 1 - (8 + -5) - -1.
-1
9 + -1 - (7 - 3)
4
Calculate -6 + -1 + -9 + 17.
1
What is the value of -3 + (9 - 2) + -2?
2
What is the value of (-3 - (1 - (-3 - -4))) + -1?
-4
Calculate 0 - (1 + 1) - 2.
-4
-6 + 0 - (1 + -10)
3
What is (0 - 3) + (-8 - -6) + 11?
6
What is the value of -2 - -3 - (-10 - -3)?
8
Calculate (-3 - -12 - 4) + -13.
-8
What is the value of 6 + (-7 - -3) + 0 + -4?
-2
Evaluate (5 - 7) + -14 + 9.
-7
What is the value of 0 - 7 - 0 - -7?
0
What is the value of 55 - 49 - ((-3 - -2) + 2)?
5
What is -2 + 24 + -16 + 1 + -10?
-3
What is the value of -6 - -8 - (1 + -3)?
4
Evaluate 6 - (-4 + -5 + 11).
4
-5 + 6 + -11 + (5 - -2)
-3
Calculate -10 - (-2 - 7) - -4.
3
Calculate 3 - 3 - (2 - (4 + -3)).
-1
What is 2 + (3 - 0) + (-4 - -4)?
5
What is the value of (-6 + 4 - 4) + 10 + -6?
-2
What is (-3 - -4 - -2) + -4?
-1
What is the value of -2 + 7 - (-2 + 2 + 0)?
5
What is the value of 10 + -9 + 2 + 3 + -1?
5
What is 4 + (-7 - -1) + 4 + -5?
-3
(1 - 1 - (-5 + 5)) + 2
2
What is -4 + (-4 + 0 - (4 + -10))?
-2
What is the value of -12 + 1 + 5 - -4?
-2
What is -4 - -2 - 0 - 1 - 0?
-3
What is the value of -1 + -6 - (-7 + -3) - -5?
8
(6 - 1 - 7) + 1
-1
What is the value of -3 + 1 - (10 + (-22 - -14))?
-4
What is the value of 12 + (-6 - (-7 - -5))?
8
Evaluate (-1 - 0) + 1 + -10 + 5.
-5
Evaluate (1 - -1) + (0 - 2).
0
Evaluate 7 + -1 - (-8 - -10) - 6.
-2
(-32 + 11 - -7) + 16
2
What is -5 + 9 - (-1 - 0)?
5
What is the value of (3 - (1 - -1)) + -1?
0
0 + 43 + -48 + 0 + 9
4
Calculate (1 - 4) + 6 - 2.
1
What is -3 - -8 - (3 - (3 - 0))?
5
Calculate 1 + 4 + 0 - 0.
5
(4 - 10) + 10 - -3
7
Calculate -1 + -2 + 0 + 3.
0
6 + (-5 + -2 - 11) + 8
-4
-2 + -8 + 3 + 5 - -3
1
Calculate -5 - (-6 + 2 + -5).
4
What is -2 + -5 + (3 - 0)?
-4
What is 0 - (5 - (-2 + 5 + 0))?
-2
Calculate 0 + -10 + 4 - -14.
8
Evaluate 5 - (19 + -19) - (6 + 1).
-2
What is the value of (-12 - -11 - -14) + -6?
7
What is 21 + -9 - 9 - (1 + 3)?
-1
What is the value of 0 - (-2 + 4 + 3 + -5)?
0
What is the value of 3 + -9 - (-3 + 2 + -2)?
-3
12 + -3 - (0 - (-5 - -2))
6
Evaluate -9 + (-4 - -8 - -2).
-3
What is 0 - (0 - (1 - (5 - 7)))?
3
Calculate -3 - ((-1 - 2) + -3).
3
(-5 - 1) + (-6 - -10)
-2
Calculate 5 - (9 + 3 + -10).
3
2 + 0 - ((-3 - 0) + 2)
3
(5 - (2 - -3)) + -1 + 0
-1
-4 - (0 + -3 + 14 + -10)
-5
Evaluate -10 + -1 - 5 - (-6 - 1).
-9
What is the value of (6 - -9 - 16) + 0 + 4?
3
-5 + (19 - 7) + -3
4
What is (3 - (2 + 2)) + (12 - 17)?
-6
Calculate (-2 - 6) + 7 - (-1 + 4).
-4
Evaluate (10 - (-8 + 24)) + -1.
-7
Calculate -5 + (-2 - -2 - -3).
-2
Evaluate (43 - 39) + 1 + 0.
5
Calculate 4 - 6 - (2 + 6 + -11).
1
What is (5 + 0 - 1) + 1 + -4?
1
Calculate 20 + -7 + -6 + -7.
0
-3 - (2 + 4) - 0
-9
Evaluate 7 + (1 - 2) - 6.
0
0 + (-3 - (2 - 4 - 1))
0
What is the value of (-2 - (8 - 3)) + 5 + 7?
5
What is the value of -1 + -1 + 1 + 5?
4
(-6 - -1) + 3 + -2 + 0
-4
What is the value of (-1 + -6 - -1) + 0?
-6
What is the value of 2 - (-3 + 4 + -2)?
3
What is 2 - 7 - -2 - (-5 + 2)?
0
1 - (0 + 5) - -2
-2
What is -1 - 8 - (24 - 28)?
-5
Calculate -3 + 1 + -5 + 5 + 2.
0
What is the value of (5 + -4 - 1) + 1?
1
Calculate (-2 - (-8 - -8)) + (0 - 1).
-3
What is (12 - 9) + -11 + 13?
5
Calculate 4 + 3 + -3 + (-2 - 3).
-1
2 + (1 - (2 - 3))
4
Evaluate -11 + -3 + 10 + -3.
-7
-2 - ((1 - (-2 + 3)) + -7)
5
Calculate -2 + 21 + -8 + -8.
3
What is the value of 3 + -5 + -3 - -8?
3
0 - -1 - (-3 - -1)
3
What is the value of 2 + (4 - (0 + 8)) - -3?
1
Evaluate 1 + 1 - (-45 + 40) - 13.
-6
What is the value of -3 + 3 + (-7 - -8) + 1?
2
Calculate (-4 + 5 - (-1 - -4)) + 0.
-2
Calculate (2 - 1) + 10 + 3 + -7.
7
Calculate 5 - 4 - -3 - 7 - -6.
3
Evaluate ((5 - 3) + -4 - -1) + -3.
-4
What is -4 - (9 + -17) - (-1 - -2)?
3
Evaluate 1 + 11 - (-18 + 26).
4
Calculate 4 + -5 + 0 + 4 + -1.
2
Calculate -6 - (-3 + 5 + -2) - 0.
-6
What is -3 + 8 + -3 - (-4 + 3)?
3
Evaluate 37 + -30 + (-4 - (-3 - 4)).
10
Evaluate -1 + (-4 - -7) - 1.
1
Calculate 2 + 3 - (20 - 11 - 10).
6
Evaluate (-5 + 6 - 5) + -3.
-7
Evaluate 4 - (-8 - (3 - 14)).
1
Evaluate (5 - 2) + 0 + 2 + -8.
-3
Calculate (-3 - (1 - (0 - -6))) + -1.
1
What is the value of 3 - ((-3 - 1 - -2) + 0)?
5
Evaluate -8 + ((0 - -1) + -2 - -19).
10
What is -3 + (2 - -8) - 9?
-2
Calculate -3 - (-3 + (-4 - (-3 - -1))).
2
What is the value of (144 - 133) + (-4 - 0)?
7
-8 + -2 + (10 - (0 + 2))
-2
What is the value of (-2 - (-1 + 0)) + 1?
0
What is the value of -14 + 8 - (-5 - -2)?
-3
What is the value of 0 - (7 + -5 + -8 + -2)?
8
What is the value of (13 - 21) + 1 - (1 + -4)?
-4
(-2 - (-5 + 3 + 4)) + 4
0
Evaluate 2 + (-2 - 6) - (-44 - -35).
3
What is the value of 1 + 3 + 2 + -3?
3
What is the value of 9 - ((21 - 9) + -6)?
3
Calculate -4 + 9 + (-3 - -2).
4
Evaluate 3 + (6 - 4) + -5.
0
(-6 - -4) + -5 + 2
-5
12 - (7 - (-8 + 9))
6
Evaluate (0 - -11) + (-22 - -10).
-1
What is (4 - 2 - -3) + 6 + -8?
3
What is the value of 4 + (-14 - -8) + 8?
6
What is the value of 6 + -5 + 0 + -1?
0
Evaluate (5 - 13) + 14 + 0 + -1.
5
What is (0 - -5) + -4 + -5?
-4
Calculate (10 - (0 - -12)) + (-2 - -1).
-3
Calculate -4 + -2 + 6 - 0.
0
What is the value of -4 - (-4 - (1 + -3))?
-2
(-1 + (0 - 3) - -8) + -2
2
What is the value of (0 - (6 - 3)) + -1 + 4?
0
What is (10 - 2) + (23 - 27)?
4
What is (-4 - 2 - -4) + 4?
2
-7 - (-9 + (5 - 4))
1
Evaluate 2 - -4 - (3 - -3).
0
Evaluate (-4 - -11) + (3 - 0) + -12.
-2
What is 11 - (9 + (-1 - 2) + -1)?
6
Calculate -6 - (5 - 12) - -4.
5
What is the value of (-4 - (1 - 0)) + 15 + -4?
6
Evaluate -10 + 7 + -6 + 5 + -3.
-7
What is 4 + -3 + -4 - 1?
-4
1 + 0 - -2 - (10 + -2)
-5
What is 4 + 3 + -1 + 0 + -7?
-1
What is the value of -2 - (-5 + 1 - 3)?
5
-1 - (-4 + 5 + -6 + 6)
-2
What is -4 + 1 - (-12 + 9) - 4?
-4
Evaluate (-5 - (3 + -5)) + 0.
-3
Evaluate (-2 - -4) + 1 + (0 - -1).
4
What is the value of 3 - (5 - 2) - 0?
0
What is -1 + (0 + -1 + 3 - 3)?
-2
What is the value of (-1 - -11 - 3) + 0?
7
What is the value of 1 + (1 - 2) - (19 + -20)?
1
3 + -2 + -8 - -3
-4
What is -6 + (8 - -7 - 9)?
0
Evaluate -6 - ((8 - 3) + -6 - 6).
1
Calculate (1 - -2 - -7) + (-1 - 5).
4
What is the value of (6 - (5 + -3)) + 3?
7
What is (4 - (5 - 2)) + (-3 - 0)?
-2
Calculate (4 - (9 - 8)) + (1 - 4).
0
What is the value of -1 - (-2 + 5 + 0)?
-4
Evaluate (-8 - -3) + 7 + -2.
0
What is the value of -55 + 46 - ((1 - 3) + -2)?
-5
-4 - (-2 + 0 + (5 - 8))
1
-27 + 5 + 10 - -2
-10
4 + -2 + 0 + -1 + -4
-3
(11 - 14) + -1 + 1
-3
9 - (2 - -5 - (-5 + 9))
6
(-4 - -5) + 3 - 4
0
Calculate 2 - 2 - -1 - (-18 + 24).
-5
Evaluate (2 - 1) + (-2 - 5).
-6
Calculate -6 + (-3 - (1 + -5)).
-5
What is 2 - (6 + -6) - -1?
3
Evaluate -1 + 1 + (3 + 5 - 12).
-4
Calculate -2 + 0 + -2 + 3 + -3.
-4
(-3 - (7 + -5)) + 12
7
What is the value of -2 - (5 + -11 - (-2 + 6))?
8
Calculate 